 multiple of 81?
False
Does 17 divide 15940?
False
Is 8 a factor of 2626?
False
Does 72 divide 504?
True
Is 124 a factor of 4588?
True
Is 5 a factor of 5829?
False
Is 23 a multiple of 8?
False
Is 17270 a multiple of 55?
True
Is 7 a factor of 45450?
False
Is 65 a factor of 4225?
True
Is 200 a multiple of 25?
True
Is 135 a factor of 26325?
True
Is 11 a factor of 9208?
False
Does 19 divide 12040?
False
Is 2 a factor of 143?
False
Is 51 a factor of 11525?
False
Is 68 a multiple of 4?
True
Is 216 a multiple of 7?
False
Is 44171 a multiple of 58?
False
Is 1597 a multiple of 8?
False
Does 23 divide 10475?
False
Does 5 divide 57?
False
Does 36 divide 72?
True
Does 3 divide 51?
True
Does 65 divide 4371?
False
Does 241 divide 49887?
True
Is 321 even?
False
Is 71960 a multiple of 70?
True
Does 10 divide 2683?
False
Is 61125 a multiple of 10?
False
Does 42 divide 2617?
False
Is 12808 a multiple of 31?
False
Does 48 divide 16984?
False
Does 28 divide 1166?
False
Is 38 a factor of 2093?
False
Is 46 a factor of 6346?
False
Does 24 divide 12888?
True
Is 1249 a multiple of 63?
False
Does 16 divide 656?
True
Does 28 divide 8512?
True
Is 5000 a multiple of 100?
True
Does 14 divide 30616?
False
Is 385 a multiple of 31?
False
Is 110 a factor of 1980?
True
Is 5691 a multiple of 21?
True
Is 22468 a multiple of 82?
True
Does 29 divide 3078?
False
Is 8 a factor of 2888?
True
Is 39069 a multiple of 19?
False
Does 35 divide 301?
False
Is 11440 a multiple of 104?
True
Is 216 a multiple of 3?
True
Is 4029 a multiple of 8?
False
Is 1280 a multiple of 16?
True
Does 32 divide 864?
True
Does 3 divide 3581?
False
Does 72 divide 57250?
False
Does 121 divide 18634?
True
Is 5 a factor of 975?
True
Is 910 a multiple of 70?
True
Does 22 divide 4620?
True
Is 6 a factor of 252?
True
Does 7 divide 1052?
False
Is 32 a factor of 49696?
True
Is 10 a factor of 5810?
True
Is 1400 a multiple of 40?
True
Is 13 a factor of 976?
False
Is 3 a factor of 3512?
False
Is 29 a factor of 1537?
True
Does 21 divide 756?
True
Is 84560 a multiple of 80?
True
Does 36 divide 828?
True
Is 43 a factor of 1405?
False
Is 780 a multiple of 52?
True
Is 35 a factor of 14735?
True
Is 1525 a multiple of 49?
False
Does 7 divide 5935?
False
Is 77298 a multiple of 31?
False
Is 387 a multiple of 7?
False
Is 16 a factor of 13551?
False
Is 10353 a multiple of 17?
True
Is 4557 a multiple of 71?
False
Is 29 a factor of 33495?
True
Does 22 divide 220?
True
Does 17 divide 714?
True
Is 5 a factor of 415?
True
Does 15 divide 15557?
False
Is 15 a factor of 780?
True
Does 3 divide 4014?
True
Is 20952 a multiple of 24?
True
Is 28 a factor of 1153?
False
Is 82 a factor of 1230?
True
Does 5 divide 439?
False
Is 9087 a multiple of 23?
False
Is 135251 a multiple of 211?
True
Is 33 a multiple of 2?
False
Does 63 divide 19994?
False
Is 54 a factor of 587?
False
Is 29 a factor of 174?
True
Is 22848 a multiple of 68?
True
Is 11 a factor of 404?
False
Is 1200 a multiple of 12?
True
Does 22 divide 991?
False
Is 13 a factor of 2418?
True
Is 123 a factor of 8241?
True
Does 44 divide 51928?
False
Does 6 divide 1722?
True
Does 5 divide 1176?
False
Is 11871 a multiple of 17?
False
Is 407 even?
False
Is 2 a factor of 149?
False
Does 27 divide 9396?
True
Does 9 divide 36?
True
Is 6405 a multiple of 61?
True
Is 3 a factor of 700?
False
Does 22 divide 4427?
False
Does 33 divide 33?
True
Is 4775 a multiple of 25?
True
Is 17 a factor of 27081?
True
Does 19 divide 583?
False
Does 24 divide 960?
True
Is 11 a factor of 360?
False
Does 41 divide 813?
False
Does 39 divide 1281?
False
Is 33 a factor of 7498?
False
Is 252 a multiple of 28?
True
Does 29 divide 12905?
True
Is 16 a factor of 28928?
True
Does 36 divide 2761?
False
Is 92 a multiple of 4?
True
Does 2 divide 25?
False
Does 65 divide 4196?
False
Does 23 divide 1541?
True
Does 14 divide 630?
True
Is 4800 a multiple of 51?
False
Is 48 a factor of 12144?
True
Does 34 divide 8262?
True
Does 8 divide 400?
True
Is 52685 a multiple of 50?
False
Does 23 divide 10155?
False
Is 14628 a multiple of 106?
True
Is 8 a factor of 1376?
True
Is 52469 a multiple of 17?
False
Does 27 divide 4293?
True
Is 44 a factor of 528?
True
Does 43 divide 2193?
True
Is 136 a factor of 34525?
False
Does 8 divide 54?
False
Does 61 divide 7564?
True
Is 21 a factor of 1176?
True
Is 112 a factor of 13888?
True
Does 9 divide 1035?
True
Is 966 a multiple of 23?
True
Is 4 a factor of 2876?
True
Does 32 divide 1507?
False
Is 256 a multiple of 32?
True
Does 192 divide 11246?
False
Does 6 divide 484?
False
Is 10628 a multiple of 4?
True
Is 43 a factor of 819?
False
Does 12 divide 116?
False
Is 1117 a multiple of 61?
False
Is 43 a multiple of 14?
False
Does 4 divide 212?
True
Is 2239 a multiple of 43?
False
Is 18156 a multiple of 51?
True
Is 7 a factor of 1505?
True
Does 35 divide 1820?
True
Is 30 a factor of 660?
True
Is 368 a multiple of 8?
True
Is 111 a factor of 9879?
True
Does 6 divide 4798?
False
Does 54 divide 7629?
False
Is 10 a factor of 12720?
True
Does 53 divide 29097?
True
Does 21 divide 28791?
True
Is 14 a factor of 3668?
True
Is 19587 a multiple of 16?
False
Is 1172 a multiple of 4?
True
Does 13 divide 38129?
True
Is 39 a factor of 273?
True
Is 96 a factor of 7251?
False
Is 7 a factor of 1071?
True
Does 142 divide 284?
True
Is 481 a multiple of 23?
False
Is 5956 a multiple of 8?
False
Is 1487 a multiple of 10?
False
Does 16 divide 6469?
False
Is 5 a factor of 1536?
False
Is 29 a factor of 1218?
True
Does 115 divide 56417?
False
Is 347 a multiple of 12?
False
Does 27 divide 783?
True
Is 72 a multiple of 2?
True
Is 142 a multiple of 42?
False
Does 10 divide 200?
True
Is 337 a multiple of 8?
False
Does 6 divide 1830?
True
Does 114 divide 3443?
False
Does 9 divide 7302?
False
Is 153 a multiple of 3?
True
Is 24 a factor of 1536?
True
Is 6 a factor of 1219?
False
Is 5236 a multiple of 77?
True
Is 8316 a multiple of 99?
True
Is 10 a factor of 101443?
False
Does 3 divide 67?
False
Does 10 divide 1874?
False
Is 17550 a multiple of 10?
True
Is 149 a multiple of 5?
False
Is 34 a factor of 1258?
True
Is 8 a factor of 1560?
True
Does 137 divide 8103?
False
Does 67 divide 5360?
True
Does 2 divide 87?
False
Does 61 divide 9455?
True
Is 9324 a multiple of 111?
True
Is 68 a factor of 11016?
True
Is 522 a multiple of 18?
True
Does 14 divide 378?
True
Does 94 divide 130?
False
Is 26 a factor of 5304?
True
Does 6 divide 7056?
True
Does 32 divide 79945?
False
Does 29 divide 165?
False
Is 187 a factor of 74052?
True
Is 116 a factor of 949?
False
Is 298 a factor of 31588?
True
Is 3 a factor of 5292?
True
Is 3756 a multiple of 82?
False
Is 109 a factor of 26705?
True
Is 28 a factor of 336?
True
Is 9695 a multiple of 35?
True
Is 14 a factor of 19082?
True
Is 3054 a multiple of 13?
False
Does 13 divide 1057?
False
Does 8 divide 376?
True
Is 5 a factor of 6632?
False
Is 37084 a multiple of 55?
False
Is 11 a factor of 618?
False
Is 36 a factor of 4687?
False
Is 34 a factor of 6256?
True
Is 1247 a multiple of 29?
True
Is 35 a factor of 1960?
True
Is 2 a factor of 6645?
False
Is 1020 a multiple of 30?
True
Is 4163 a multiple of 56?
False
Is 27 a factor of 34?
False
Is 2541 a multiple of 21?
True
Does 18 divide 360?
True
Does 167 divide 16199?
True
Is 3 a factor of 20135?
False
Is 197 a factor of 29049?
False
Is 9 a factor of 423?
True
Does 17 divide 5695?
True
Is 16 a factor of 9793?
False
Does 112 divide 8960?
True
Does 157 divide 17427?
True
Is 800 a multiple of 50?
True
Does 11 divide 15576?
True
Is 140 a multiple of 4?
True
Is 9 a factor of 276?
False
Does 13 divide 337?
False
Is 26 a factor of 5070?
True
Does 56 divide 728?
True
Is 33 a factor of 2582?
False
Is 24 a factor of 960?
True
Does 129 divide 1548?
True
Is 704 a multiple of 11?
True
Is 13513 a multiple of 55?
False
Is 68 a factor of 1823?
False
Is 1081 a multiple of 47?
True
Does 32 divide 35471?
False
Does 87 divide 3219?
True
Is 21 a factor of 42?
True
Does 64 divide 23744?
True
Does 4 divide 131?
False
Is 6 a factor of 141?
False
Is 2520 a multiple of 15?
True
Does 35 divide 380?
False
Is 5148 a multiple of 33?
True
Does 12 divide 51384?
True
Does 9 divide 1503?
True
Is 37335 a multiple of 81?
False
Does 19 divide 701?
False
Is 667 a multiple of 92?
False
Does 7 divide 1440?
False
Is 